/((-3)/14)?
True
Let y(o) = o**2 - 2*o + 3. Let d be y(2). Suppose -2*q + 21 = 5*r - 191, 0 = -3*r - d*q + 129. Suppose r = 5*g - 4*a, 53 = 5*g - 2*a + 7. Is g a multiple of 5?
True
Let o = -17 + 7. Is 18/45 - 636/o a multiple of 8?
True
Suppose 0*y = 2*h - y - 68, 3*y = 4*h - 132. Suppose -h*g + 1560 = -28*g. Is g a multiple of 39?
True
Does 80 divide 15/((-45)/(-7188)) + -6 + 4?
False
Let k(f) = f**3 + 11*f**2 - 2*f - 15. Let b = 79 - 88. Does 11 divide k(b)?
True
Let x be (65/(-78) - 1/(-2))*21. Let g(a) = a**2 - 13. Is 9 a factor of g(x)?
True
Let y(g) = 15*g**2 - 1. Let a be y(-2). Let t = -19 + a. Is t a multiple of 14?
False
Let w(f) = f + 4. Let j be w(0). Suppose -4*n - z = -j - 1, n = 3*z - 15. Is (-7)/((n - -2)/(-2)) a multiple of 3?
False
Let h = -42 - -458. Does 26 divide h?
True
Let v(f) be the third derivative of -f**4/8 - 2*f**3/3 + 5*f**2. Does 8 divide v(-4)?
True
Suppose -5*a + f = 60, -3*f + 4 = 11*a - 10*a. Let l(c) be the third derivative of -c**4/8 - 5*c**3/6 - 2*c**2. Is l(a) a multiple of 4?
True
Suppose -11*v - 4 = -7*v. Let u be (v + 1)/(13 - 12). Does 3 divide u/2 + -1 - -5?
False
Suppose -4*j + 5*j = 24. Suppose 0*y - 3*y + j = 0. Suppose -96 = -11*d + y*d. Is 15 a factor of d?
False
Let l(w) = -2*w**2 + 2*w. Let v(j) = 4*j**2 - 5*j. Let u(i) = -9*l(i) - 4*v(i). Suppose -19 + 4 = -3*p. Is 12 a factor of u(p)?
True
Let k = -1 - -3. Suppose v + 12 = -4*z + k*z, -z - 4*v - 6 = 0. Is 5 a factor of (-250)/(-20)*z/(-5)?
True
Let j(m) = -m - 1. Let l be j(-4). Suppose 2*u - q = -4, -l*u - 2*q + 6*q = 11. Let r(i) = -2*i + 1. Is 3 a factor of r(u)?
True
Let i = 10 + 14. Let j be 5 - (10/5 + -63). Suppose -o + j = -i. Does 30 divide o?
True
Let h(q) = -q + 17. Let m be h(0). Suppose -o + m = -4*c - 2*o, 0 = -4*c - 4*o - 8. Let k = 8 + c. Does 2 divide k?
False
Let s(x) = 5*x**2 + 4*x + 2. Let y(f) = 14*f**2 + 12*f + 5. Let w(h) = 11*s(h) - 4*y(h). Let z be w(-5). Does 13 divide (50/z)/(2/(-3))?
False
Let w(l) = 18*l**2 + l - 12. Is w(-6) a multiple of 14?
True
Let m(p) be the first derivative of -p**4/4 - 11*p**3/3 + 5*p**2 + 3*p + 9. Does 5 divide m(-12)?
False
Let c(w) = -3*w - 2 - 3 + w - 5*w. Is c(-6) a multiple of 13?
False
Is (3/(-5))/((-26)/3900) even?
True
Let q(h) = 118*h**2 - 3*h + 1. Let b(u) = 79*u**2 - 2*u + 1. Let y(s) = -7*b(s) + 5*q(s). Is 36 a factor of y(-1)?
True
Let t = 420 - 225. Is 11 a factor of t?
False
Suppose 5*d - j - 3*j + 6 = 0, 4*d - 5*j + 12 = 0. Is 0 + d + (1 - -3) a multiple of 6?
True
Let r(a) = 5*a - 82. Is 2 a factor of r(23)?
False
Suppose 196 = 8*w + 41*w. Let g be -20*(4/10)/(-1). Suppose -320 = -w*t + g. Is t a multiple of 17?
False
Let x(z) be the third derivative of z**5/12 - z**4/8 + 5*z**3/6 - 2*z**2. Let b = -93 + 95. Is 5 a factor of x(b)?
False
Let s(d) = -7*d + 94. Is 2 a factor of s(10)?
True
Let u = 368 - 261. Let l = u + -86. Is l a multiple of 4?
False
Let x(d) = 2*d**3 + 32*d**2 + d + 24. Is 20 a factor of x(-10)?
False
Suppose 4*y + 42 = 1466. Suppose -4*d + y = -d + 5*r, -d = -4*r - 147. Does 26 divide d?
False
Let r be 6*(2/12*3)/1. Suppose -4*h + 4*f - 5*f = -203, -3*h = -r*f - 171. Is 26 a factor of h?
True
Suppose -14*d = -478 - 614. Is 39 a factor of d?
True
Let a be ((-20)/(-3))/((-2)/(-12)). Let r(s) = 30*s + 145. Let h be r(-4). Let q = a - h. Is 8 a factor of q?
False
Let b(x) = 79*x**2 + 6*x - 34. Does 57 divide b(4)?
True
Is (-10 - 104)*-6*1 a multiple of 12?
True
Let c(r) = r**2 - 8*r - 7. Let g be c(8). Let p(q) be the third derivative of -q**5/60 - 3*q**4/4 - q**3 + 16*q**2. Is p(g) a multiple of 17?
False
Suppose 4*m + 258048 = 88*m. Does 96 divide m?
True
Suppose 692 - 2366 = -6*f. Is 42 a factor of f?
False
Suppose o + 3 = 2*o. Suppose o*f = 8*f - 5. Does 11 divide f/((-4)/396*-3)?
True
Suppose -6*q + 129 = -207. Does 8 divide q?
True
Let p(s) = -s**3 + 3*s**2 + s + 3. Let x be p(3). Suppose -x*b = -11*b + 165. Does 6 divide b?
False
Let r = 30 - 45. Let y(u) = u**2 + 13*u + 6. Does 9 divide y(r)?
True
Let c = -7 + 6. Let l be -1 - 1 - 29*c. Let t = l - 16. Is 5 a factor of t?
False
Suppose -11*b = -15*b - 32. Does 15 divide b/6*-7*6?
False
Suppose -4370 = 16*g - 22146. Is 45 a factor of g?
False
Let l(n) = -n**3 - 14*n**2 - n - 14. Let r be l(-14). Suppose r = x + 3 + 1, 0 = g - 3*x - 36. Does 6 divide g?
True
Suppose 2*i + 2*f = 6*f + 1952, -3*f + 3 = 0. Is 8 a factor of i?
False
Let p(m) = 6*m**2 - 3*m. Suppose -o - 16 = -0*o. Let x be o/(-9) + (-8)/(-36). Is 6 a factor of p(x)?
True
Let q be -1 + 3/(-9) + 128/6. Suppose 95 = v + 2*i + q, 0 = -5*v + 2*i + 315. Is v a multiple of 24?
False
Suppose 2*z - 64 = 5*b - 6, 0 = -4*z + 3*b + 102. Suppose -z*y + 29*y = 185. Is 37 a factor of y?
True
Let y(i) = 16*i - 143. Is 4 a factor of y(13)?
False
Let v(y) be the first derivative of y**3 - 2*y**2 - 14*y - 6. Let g be v(6). Does 18 divide (-30)/g + (-479)/(-7)?
False
Let u(g) = -g**2 + 5*g - 4. Let t be u(3). Let i(q) = t*q**3 - 3*q**3 + 13*q - 3 - 14*q + 5*q**2. Does 3 divide i(4)?
True
Let n(m) = -m**3 + 13*m**2 + 12*m - 12. Let j be n(14). Let b = j - -94. Does 10 divide b?
False
Suppose 3 = -u - 2, -74 = 4*w + 2*u. Is 102/4*w/(-6) a multiple of 17?
True
Let z(v) = -v**3 - 15*v**2 - 8*v - 4. Suppose -4*b = -5*x + 43, 0*b - 4*x + 32 = -3*b. Let f be z(b). Does 7 divide f/(-8)*4/5?
False
Let d(l) = l**3 + 18*l**2 + 17*l - 6. Let v be d(-17). Let q be (10/v + 2)*813. Let j = q + -188. Is 15 a factor of j?
False
Suppose -a = 4*g - 13805, -3*a = -5*g + 13474 + 3778. Is g a multiple of 119?
True
Let f be 0 - (-3)/((-12)/(-44)). Let m(o) be the first derivative of o**4/4 - 4*o**3 + 11*o**2/2 + 4*o + 4. Is 2 a factor of m(f)?
True
Is 244 - -1 - (2 - -6) a multiple of 8?
False
Let z(c) = 25*c + 3. Let b(p) = 1. Let g(a) = -4*b(a) + z(a). Is 28 a factor of g(4)?
False
Suppose -30*m = -5*m - 22225. Does 76 divide m?
False
Suppose -2*q = -2*k + 4, q + k = -q + 11. Let v be 3/5*(8 - q). Is 5 a factor of (5*(v - 1))/1?
True
Let a be 2*((-8)/(-12) - 7/6). Let y = 17 + a. Does 3 divide y?
False
Suppose -3*t - 1538 = -2*j, 4*j - 2*t - 2302 = j. Does 62 divide j?
False
Let t = 28 + -8. Let i = -2 + t. Is 3 a factor of i?
True
Suppose 6*f + 24 = 10*f. Suppose f*x = 7*x - 10. Is x even?
True
Let m be 2/(-4)*4/(-1). Let p(b) = b**2 - 11*b + 8. Let i be p(11). Suppose 0*q + m*q = i. Is q a multiple of 4?
True
Let b(g) = g**2 + 3*g - 2. Let s be b(-3). Let m be 2 + s*9/(-6). Suppose -6 = 3*w, -m*w - 13 = -r + 3. Is r even?
True
Let f be (-14)/(-2) - 20/10. Let p(i) = 33*i**3 + 8*i**2 - 7*i - 8. Let c(a) = 33*a**3 + 7*a**2 - 6*a - 7. Let u(h) = f*p(h) - 6*c(h). Is 16 a factor of u(-1)?
True
Is 752/18 + (-1)/((-27)/6) a multiple of 6?
True
Let z(w) = 49*w - 21*w + 10*w**2 + 22 - 20*w - 9*w**2. Does 42 divide z(-10)?
True
Let z(s) = s**3 + s**2 + s. Let i(j) = 6*j**3 + 4*j. Let c(r) = i(r) - 4*z(r). Suppose 164*b + 30 = 174*b. Is 6 a factor of c(b)?
True
Let a be (-6)/3 - (-1)/(-1). Suppose 16 = 8*n - 0. Is 30 a factor of 1/(a*n/(-384))?
False
Let a(f) = 2*f**3 + 3*f**2 - 6*f - 6. Let j be a(6). Suppose 0 = c + 4*b - 483, 4*b - 5*b = -c + j. Suppose -3*r + 8*r - c = 0. Is 35 a factor of r?
False
Let b(c) = c**3 + 4*c**2 - c - 46. Let g(y) = -y**3 - 3*y**2 + y + 31. Let m(v) = 5*b(v) + 7*g(v). Is 12 a factor of m(-4)?
False
Let s be 2/(-8) + (-3)/(-12). Suppose 5*m + h = m + 84, 0 = -3*m + 2*h + 63. Let j = m - s. Does 21 divide j?
True
Suppose 0*u = 5*u + 15. Let i(y) = 12*y**2 + 4*y + 4. Is i(u) a multiple of 20?
True
Let b = -878 - -1262. Does 24 divide b?
True
Let y be (1 + 14)/5*176/6. Let a = 126 - y. Is 14 a factor of a?
False
Let n(c) = c**3 - c**2 - c + 5. Let t be n(0). Suppose -g = j - t, -9 - 1 = g - 2*j. Suppose x - 4 = -g*x. Does 2 divide x?
True
Let z(c) = -c + 1. Let u be z(0). Is ((-10)/(-20))/(u/36) a multiple of 10?
False
Let f = 50 + 23. Let n = 215 - 104. Let m = n - f. Does 7 divide m?
False
Let g(n) = -n**2 + n + 0 - 7 + 0*n + 7*n**2. Is 4 a factor of g(3)?
False
Suppose -3*t + 706 = -4*o, -o + 531 = -4*o + 3*t. Let x = -89 - o. Suppose x = -y + 3*y. Is 11 a factor of y?
False
Let o = -61 + 62. Let q(z) = 11*z**3 - z**2 + 3*z - 1. Is 6 a factor of q(o)?
True
Let i(t) = -8*t**3 - t**2 + 5*t - 6. Is 11 a factor of i(-4)?
False
Let a = 749 + -44. Is a a mu